- 4*r**3. What is w(-5)?
5
Let p(i) = 7*i**2 + 12*i + 16. Let v(h) = 5*h**2 + 11*h + 12. Let o(n) = 2*p(n) - 3*v(n). Calculate o(-9).
-4
Let o(g) = 1 - 2*g + 3*g + 7 - 4*g. Calculate o(6).
-10
Let s(q) = -6 - 5 + 0 + 4 - 5*q. Calculate s(6).
-37
Let f be (-5984)/51 - -1*(-1)/(-3). Let a = f - -123. Let u(y) = -y**3 + 6*y**2 - y - 4. Determine u(a).
-10
Let m(f) = f**2 + 2*f - 8. Let l(i) = 6*i**3 + 3*i**2 - 2. Let s be l(-1). Give m(s).
7
Let t(s) = s**3 + 7*s**2 + 7*s + 2. Let b be t(-6). Let x be 9/(-18) + 6/b. Let g be -2*-1*x/1. Let k(r) = -r**2 - 2*r + 4. Give k(g).
-4
Let i = -110 + 94. Let k = 21 + i. Let f(p) = -p**3 + 6*p**2 - 3*p + 4. Determine f(k).
14
Let s(x) be the second derivative of 7*x**3/6 - 93*x**2/2 + 215*x. Give s(13).
-2
Let f(k) = -2*k + 8. Let d(z) = -12*z + 21. Let b(o) = -o + 1. Let l(n) = -9*b(n) + d(n). Let i(h) = 7*f(h) - 5*l(h). Calculate i(-7).
-11
Let p(f) be the first derivative of f + f**2 + 13 - 1/3*f**3 - 1/4*f**4. Calculate p(-2).
1
Let i be -3 + (42/28)/(2/4). Let l(v) = -v**3 + v**2 - v - 20. Determine l(i).
-20
Let y(w) = -11*w + 16*w - 2*w**2 - 2*w. Give y(2).
-2
Suppose -t - 4*i = -5 - 5, 0 = t + 2*i - 8. Suppose t*f - 54 = -3*f. Let d(s) = -s**2 + 9*s - 6. Determine d(f).
12
Let b(t) = 5*t**3 + t**2. Suppose 4*l = 4*y + 192, 17 + 11 = l + 4*y. Let n = l + -45. Give b(n).
-4
Let a(h) = 13*h**2 - 22*h**2 + 10*h**2 - 2. Let v = -241 - -237. Determine a(v).
14
Let l(u) be the third derivative of u**5/60 + 3*u**4/8 + 3*u**3/2 - 106*u**2 + 2. Determine l(-9).
9
Let a(l) = l + 3*l**2 + 29 - 2*l**2 + 3*l - 37. Suppose -4*x = 34 - 10. Give a(x).
4
Let q(d) = d**2 + 10*d + 6. Let f = -8 + 10. Suppose -14 = f*u + 6. Determine q(u).
6
Let m(t) = -59 + t - 54 + 112. Let c(v) = 6*v + 35. Let y be c(-6). What is m(y)?
-2
Let t be (-6*3/(-21))/(6/21). Let x(w) = -3 + 29*w - t*w**2 + w**3 - 29*w + 4. Calculate x(1).
-1
Let j(w) be the first derivative of -20 - 1/3*w**3 - 1/2*w**2 + 11*w. Give j(0).
11
Let d(b) be the third derivative of b**6/120 - 7*b**5/60 + 7*b**4/24 - 11*b**3/6 + b**2 - 120*b. What is d(6)?
-5
Let n(x) = x**3 + 4*x**2 + 3*x + 5. Let k(i) = -i**2 + 19*i + 31. Let y be k(20). Let s = -15 + y. What is n(s)?
-7
Let i(x) = x**2 + 5*x + 3. Let v be (-2)/(63/(-36) + 2). What is i(v)?
27
Let m be (-8)/(-32) - 1/4. Let t be m*(-1)/4*2. Let l(p) = t*p - 2*p**2 + 1 - 3*p + p. Calculate l(1).
-3
Let j(m) be the second derivative of m**3/6 + 13*m**2/2 + 7*m. Calculate j(-6).
7
Let b be ((-7)/(-4))/(4 - (-187)/(-44)). Let r(p) be the first derivative of -p**3/3 - 3*p**2 + 10*p - 1. Calculate r(b).
3
Let k(p) = 2*p**3 + 6*p**2 + 4*p + 1. Suppose 7*i = -i - 24. Calculate k(i).
-11
Let z(r) = 3*r - 15. Let c be z(8). Let o(u) = -c - 10*u + 9*u + 8. Let t = -1 + -3. Give o(t).
3
Let g(j) = 4*j**3 - 18*j**2 - 13*j - 15. Let y(h) = -3*h**3 + 17*h**2 + 13*h + 14. Let l(q) = -4*g(q) - 5*y(q). What is l(-12)?
2
Let r(b) = b**3 - b**2 - 22*b + 10. Let o be r(5). Let k(z) be the first derivative of o*z**3 - 8 + 1/4*z**4 + 1/2*z**2 + 8*z. Determine k(0).
8
Let x(o) be the third derivative of 0*o + 0 + 1/3*o**3 - 1/24*o**4 + 2*o**2. Suppose -12*h + 16*h - 16 = 0, 3*i - 5*h + 2 = 0. Give x(i).
-4
Let x(o) be the third derivative of o**6/360 + o**5/30 + o**4/8 + 35*o**3/6 - 2*o**2 + 37. Let w(z) be the first derivative of x(z). Give w(-6).
15
Let q(k) = k**3 + 13*k**2 - k - 5. Let c be q(-13). Let f(g) = 0*g + 4 + c*g**2 + 6*g - 24*g**2 + 15*g**2. Calculate f(6).
4
Let u(j) = -7*j**2 - 38*j - 37. Let x be u(-1). Let l(m) = m**2 + 8*m. Calculate l(x).
-12
Let c(n) = n**3 + 5*n**2 + 4*n + 4. Let p(l) = -l**2 + 12*l - 24. Suppose 2*h - 7*h + 50 = 0. Let v be p(h). Calculate c(v).
4
Let a(h) = h**3 - 13*h**2 + 11*h + 6. Let n(p) = 4*p**3 + 29*p**2 + 3*p - 16. Let r be n(-7). Calculate a(r).
-6
Let c = 83 + -80. Let k(t) = c*t - 50 - 5*t**2 - 2*t + 50. Let u be (-1)/(-1*(0 + 1)). Give k(u).
-4
Let w(r) = -2*r - 4. Let z = -9 - -13. Suppose -6 = 4*k + z*u - 2, -23 = -2*k + 3*u. Determine w(k).
-12
Let k(h) = -h - 3. Suppose 0*o + 3 = r + 2*o, -5*o = -5*r + 30. Suppose -8 + r = -j. Calculate k(j).
-6
Let y(t) = t**2 + 7*t + 6. Let c = -44 + 42. Let x be (7 - (5 + c))*(3 - 4). Determine y(x).
-6
Let x(l) = -12*l + 4 + 4*l + 7*l + 7. Let u = -11 - -18. What is x(u)?
4
Let o(m) = 6*m**2 + 3*m + 2. Suppose 0 = -90*s - 0 - 270. Calculate o(s).
47
Suppose 2*o = -0*o + 8. Let h(j) = j**2 - 11*j + 16. Let p be h(10). Let y(t) = -6*t - 4 + o + 8*t**2 + p - t - t**3. What is y(7)?
6
Suppose q + 0 = 1. Suppose 5*i + q + 4 = 0. Let n(j) be the third derivative of -j**5/20 + j**4/24 - 2*j**2. Calculate n(i).
-4
Let o be -10 - 3*5/(-25)*10. Let r(z) = -z + 2. Determine r(o).
6
Let t(p) be the first derivative of p**3/3 - 7*p**2/2 + 3*p + 8. Let x be ((0 - (-4)/(-2)) + 3)*6. Calculate t(x).
-3
Suppose -4*s = -3*z + 14, 2*s = 2*z - 15 + 9. Let w(t) = -6*t**3 - 3*t - 1. Give w(z).
53
Let l(s) be the second derivative of s**3/6 - 3*s**2 + 4*s + 15. Give l(7).
1
Let p(k) = k**3 + 4*k**2 - 5*k - 6. Let b = 2 + 4. Let q = -1 + b. Suppose -4*g + q = -n - 0*g, -3*n - 15 = g. Determine p(n).
-6
Let n(p) = 12*p**2 - 1. Let o(i) = i**2 + 9*i + 11. Let t be o(-7). Let m be (2 - -7)*1/t. Let z = 4 + m. Give n(z).
11
Let q(k) = -2 - 2*k**3 - 51*k**2 + k**3 - 7*k + 3*k + 47*k**2. Calculate q(-2).
-2
Let c(x) = -x**3 + x**2 - x. Let o(b) = 24*b**3 - 5*b**2 + 5*b + 1. Let n(z) = 5*c(z) + o(z). Let u(f) = -f**3. Let p be u(1). Give n(p).
-18
Let i(o) = o**3 + 5*o**2 - 5*o - 2. Let w = -1 - -14. Suppose -j = 19 - w. Determine i(j).
-8
Let b(g) = -g**2 - 9*g + 1. Suppose 0 = 5*m, -m + 11 = -a + 3. What is b(a)?
9
Let s(p) = p**2 - 4*p + 3. Let h(f) = 4*f**2 - 16*f + 12. Let c(k) = -4*h(k) + 18*s(k). Let v = -822 - -827. What is c(v)?
16
Let m(j) = j - 8. Let c be m(11). Let i(r) = -6 + 3 + c*r + 3. Let l = 5 + -3. Give i(l).
6
Let c(t) be the first derivative of -t**3/3 - 3*t**2 + 14*t + 70. What is c(-7)?
7
Let a = -4 - -21. Let z = a + -5. Let b be (z/8)/((-6)/16). Let i(g) = g**2 + 2*g - 5. Determine i(b).
3
Let v(h) be the first derivative of -1/3*h**3 - 8*h + 13 - 7/2*h**2. Calculate v(-6).
-2
Let x be (15/(-9) - -1)*-6. Let o be (6/x)/((-6)/16). Let a(c) be the third derivative of -c**6/120 - c**5/20 + c**4/8 + 5*c**3/6 + 14*c**2 - c. Determine a(o).
9
Let h(u) be the first derivative of 4/3*u**3 - u + 1/4*u**4 - 12 - 5/2*u**2. What is h(-5)?
-1
Let i = 72 + -69. Let z(y) = -4*y**2 - 4*y**3 + 5*y**3 + 9*y**2 - i*y. Give z(-6).
-18
Let n(i) = -3*i - 1. Let p(a) = a + 4. Let o(b) = -3*b - 9. Let u(l) = 4*o(l) + 9*p(l). Let s(z) = 4*n(z) - 3*u(z). What is s(-4)?
8
Let w = -2974 - -2989. Let x(r) = r**2 - 18*r + 44. Give x(w).
-1
Let p = -7 + 9. Let j be (10/4)/(((-7)/p)/(-7)). Let n(u) = 2*u + 2 - u + 0*u. Determine n(j).
7
Suppose -4*o + o + 6 = 0. Let l(d) = -7 + 2*d**3 + d**3 - 6*d**2 + 2*d - o*d**3. Let s be 9 + -19 - (-10)/10*16. Give l(s).
5
Let i(s) = -s**3 + 2*s + 2. Suppose -5*r = 4*m + 4 + 26, 0 = 5*r - 2*m. Determine i(r).
6
Let s(u) = -4*u - 35. Let v be s(-7). Let p(z) = 3*z - 2 - 4*z + 2*z + 13. Calculate p(v).
4
Let h(a) = -111*a**2 + 4 - a**3 - a + 117*a**2 + 0*a**3. What is h(6)?
-2
Let d be ((-8)/5)/((-4)/(-10)). Let h(m) = 2*m + 2*m + m - 3*m. Calculate h(d).
-8
Let v(t) = -8 - 19*t - 8 - 2 + 20. Give v(-1).
21
Let f(k) be the third derivative of k**6/120 + k**5/12 - k**4/24 - k**3/6 + 370*k**2. Determine f(-5).
4
Suppose -46*j + 35*j + 110 = 0. Let x(m) = m**2 - 12*m + 24. Calculate x(j).
4
Suppose -7*r = -7511 + 7497. Let w(v) be the third derivative of -1/2*v**3 - 1/30*v**5 + 1/6*v**4 + 0 + v**r + 0*v. Determine w(3).
-9
Let u(b) = -3*b**3 + 8*b**2 - 4*b + 5. Let m(y) = 4*y**3 - 10*y**2 + 5*y - 5. Let p(q) = -2*m(q) - 3*u(q). Calculate p(4).
3
Let v(j) = -j - 1. Let n(q) = -q**3 + 8*q**2 + q - 2. Let g be 1*-2*(-20)/5. Let d be n(g). Let y be 148/24 + (-1)/d. What is v(y)?
-7
Let f(o) = 2*o**2 - o. Let c be f(-1). Suppose z - 2 = -y, -z - 2 = c*y - 4. Suppose y = -8*t + 7*t. Let m(v) = v - 11. Give m(t).
-11
Suppose -3*l + 20 = -8*l. Let c(u) = u + 7. Let m be c(l). Let t(y) = -m*y - y + 3*y + 5*y - 2. Calculate t(-2).
-10
Let t(k) be the first derivative of -k**2/2 + k + 1. Suppose -5*d + 7*d = -10. Give t(d).
6
Let b = -29 - -25. Let r